*r = -2*v - o, -31928 = -0*r - 5*r + v. Is r a prime number?
False
Let j(x) = -x**3 - 24*x**2 + 48*x - 18. Is j(-35) prime?
True
Let x(t) = -t**3 + 4*t**2 - 2. Let r be x(4). Let n be (((-12)/(-9))/r)/(2/4992). Let m = -991 - n. Is m prime?
True
Let x be (14 - 2)*(3/12 - 0). Suppose 3*c = 3*u - 27, -15 = -x*c + 2*c - 5*u. Is 1155 + (3 + 2)/c prime?
False
Suppose 0 = -4*x + 3*x. Suppose 2*f + 4 + x = 0. Is (-25 + 2)*(f - 9) composite?
True
Suppose -3*d + 4*d = -12*d. Suppose d = -3*n + 18*n - 23115. Is n composite?
True
Let i be (3421/4)/((-14)/(-336)). Let c = i + -5513. Is c prime?
True
Suppose -45 = c + 4*y, -4*c = y - 5 + 140. Let a(n) = 4*n**2 - 11*n + 196. Is a(c) a composite number?
True
Let o(r) = r**2 - 5*r**2 - 8*r + 70*r**3 + 0*r**2 + 1 + 0*r**2. Is o(4) a composite number?
True
Suppose 6*q - 7*q + 4 = 0, -2*q = -2*p + 165854. Is p a composite number?
True
Let p(o) = -o**3 + 66*o**2 + 40*o + 59. Is p(30) prime?
False
Suppose 6*s = -14*s + 1073220. Suppose s = -17*n + 182096. Is n a prime number?
False
Suppose 36 = 4*q - 4*c, 0*c - 5*c + 9 = 4*q. Suppose -q = 2*v - 14. Let n(d) = 65*d - 9. Is n(v) composite?
False
Suppose -2*z + 42*u = 45*u - 648460, -4*z + 1296950 = u. Is z composite?
False
Let q(j) = 3 - 7490*j + 7494*j + 4*j**2 - 12. Is q(-12) a prime number?
False
Suppose -23*i + 21*i = 4. Let r be i/((-4)/(-14) - 18/14). Is -2 + r/((-10)/(-1205)) prime?
True
Let d(l) = -l - 2. Let h be d(-9). Let t = h + -71. Is 96/t*(-2876)/6 composite?
False
Let o = -278 + 281. Suppose -2*k + g + 713 + 882 = 0, -g = -o. Is k a prime number?
False
Suppose -3*b - 4 = -6*b - f, -2*b + 4*f = 2. Let n be (0 + b)/(10/20). Is (443/n)/((-6)/(-12)) prime?
True
Suppose 4*h + 158 = -5*w, -5*h + 5*w - 175 = -0*h. Is (24/6*-1)/(2/h) a prime number?
False
Let q = 9968 - -5199. Is q a prime number?
False
Suppose -4*b = -2*m + 16786, -59*b + 58*b = -4*m + 33551. Is m prime?
True
Suppose -40*q + 8103574 + 7749586 = 0. Is q a composite number?
True
Let q(n) = -3*n + 24. Let a be q(7). Suppose -m - 3*x = -113 - 2042, a*x + 8605 = 4*m. Is -8 + 11 + (0 - m/(-1)) composite?
True
Let v(z) = 2168*z + 256153. Is v(0) composite?
True
Suppose -5*v - 4*k + 10200 = 0, 4*v = 3*k - 2657 + 10817. Let f = v + 7703. Is f a composite number?
False
Let f = 45 - 41. Suppose 3*i + 2*y - 11029 = 0, 2*i - f*i = 5*y - 7349. Suppose -14 = 5*j + 2*l - i, j + 3*l = 743. Is j prime?
False
Suppose -2*r - 4*t = 38, 0 = -2*r - 3*t + 5 - 48. Let p(y) = 3*y**2 - 13*y - 4. Let m be p(7). Let j = m + r. Is j prime?
True
Let l = -7683 + 13826. Is l composite?
False
Let a(i) be the second derivative of -i**5/20 + 5*i**4/2 - 5*i**3 - 35*i**2/2 - 14*i - 2. Is a(18) a composite number?
False
Let s = 2290623 + 2451332. Is s a composite number?
True
Let r(f) = -187*f - 4. Let y(w) = 936*w + 21. Let v(d) = -11*r(d) - 2*y(d). Suppose 0 = -344*s + 294*s + 150. Is v(s) a prime number?
True
Let n(f) = 46*f**2 + 26*f + 5. Let d(w) = w**2 + w - 1. Let y(g) = -6*d(g) + n(g). Is y(-5) prime?
True
Let i be (150/(-225))/((-4)/138). Let d = i - -414. Is d a composite number?
True
Suppose 10 = 5*t - 0*q - 4*q, t - 2 = -q. Suppose 5*h + 3*g - 7 = 2, 0 = -t*h - 5*g - 4. Is (-3279)/(-2) - h/6 a prime number?
False
Let y(z) be the second derivative of 1/2*z**2 - 2/3*z**4 + 0 - z - 2*z**5 - 1/6*z**3. Is y(-4) a prime number?
True
Let x = 16679 - 11888. Is x a prime number?
False
Let n(t) = 8902*t - 19. Is n(6) a composite number?
True
Suppose 103*l + 113 = 319. Let d(y) = 5033*y**2 - y + 1. Let g be d(1). Suppose 0 = 2*z + l - 8, -z = -4*w + g. Is w a prime number?
True
Let d(n) = 12*n - 3*n**3 + 28 - 10 - 14*n**2 + 2*n**3 + 2*n**3. Let h be d(13). Suppose -671 = -f + 4*x, 1 + 9 = h*x. Is f a composite number?
True
Is 581781/477*-2*(-291)/2 a prime number?
False
Suppose 5*n = -131 + 101, 5*n + 2788 = 2*l. Suppose y + y = 800. Suppose l = k + y. Is k composite?
True
Is ((-2)/2)/(((-4)/(-12))/((-1545731)/33)) a composite number?
False
Suppose -5*n - u + 2392053 = 0, -2*n + 785944 = -u - 170880. Is n composite?
False
Suppose 0 = -20*s + 1994707 + 4015353. Is s a composite number?
True
Let a(g) = g**3 - 18*g**2 - 26*g - 28. Let b be a(28). Let y = b + -4758. Is y composite?
True
Suppose -65*v + 360544 = -39*v - 278874. Is v a composite number?
False
Let u(o) = -8759*o**3 + 18*o**2 + 4*o + 10. Let a(b) = -2920*b**3 + 5*b**2 + b + 3. Let h(z) = -7*a(z) + 2*u(z). Is h(1) composite?
True
Let g be (-2 - -2) + 4 + 12. Suppose g*a - 534527 = -3*a. Is a composite?
True
Let q = -50 - -46. Let i be (-34)/(-8)*16/((-16)/q). Suppose i*p = 14*p + 1437. Is p a composite number?
False
Let p = 392248 + -152730. Is p composite?
True
Suppose 4*w + 4*v - 12 = 0, 4*w + 0*v - 8 = -2*v. Let a(i) = -i**3 + i**2 + i - 1. Let q be a(w). Suppose q = 9*l - 7*l - 1054. Is l a prime number?
False
Let l = -58 + -86. Let c be (l/(-27))/((-2)/(-606)) - 1. Suppose -3*v - 14*v = -c. Is v composite?
True
Let w(o) = 724*o**2 - 1 - 182*o**2 + 0. Let x be (-12)/(-21) + 110/(-70). Is w(x) a composite number?
False
Suppose -2*q + 6*q = 4*c + 100, 4*c + 54 = 2*q. Suppose -5*x + 25 = 3*f, 0 = 2*x + 4*f - 1 - q. Suppose x*g - 14*g + 6108 = 0. Is g composite?
False
Let j = -3243 - -3246. Let w be -1 - (1 - (9 + -1)). Suppose -j*z = -w*z + 951. Is z prime?
True
Suppose 55*w + 651206 = 93*w. Is w composite?
False
Suppose 14*s + 45*s - 39102302 = -147*s. Is s composite?
False
Let x(b) = 15*b**2 - 30*b + 36. Let v be x(-31). Let o = v - -60. Is o composite?
True
Let l = -162 + 164. Suppose 3*x + l*x - 4*d = 16255, -2*x - 4*d = -6502. Is x a composite number?
False
Suppose 278*r + 22560491 = 315*r. Is r composite?
False
Suppose 2*u = -4*x + 66, -2*u - 18 = 3*x - 67. Is (-4 + 12 + 1005)*x prime?
False
Let j = -3260 + 11209. Is j a composite number?
False
Is (6/(-4) + 4)/(50/(-55551520)*-8) a composite number?
False
Let h be -15 + 1 + 8/(16/6). Let f be (-1)/((-77)/140) - 2/h. Is (-2661)/3*f/(-4)*2 composite?
False
Suppose -31*j = -1350163 - 4374576. Is j composite?
False
Let z = 3626 + 86987. Suppose -41*r = -10*r - z. Is r a prime number?
False
Let v = -1967 + 6270. Is v composite?
True
Is ((214532 - 0) + -11)*(-3)/(-9) a prime number?
False
Let r be (12 + 35/5)*7/1. Suppose 8346 = 139*u - r*u. Is u a prime number?
False
Let s(c) = 56849*c**2 + 41. Is s(-2) composite?
True
Suppose 0 = 10*h + 131488 - 428788. Suppose -540*p - h = -546*p. Is p composite?
True
Let h be (-90)/(-18) + 22926/(-2). Let z = h - -17355. Is z a composite number?
False
Is ((-6)/(-2))/(1003/23606313) + (-4)/34 a prime number?
True
Suppose 2*n - 2*b - 4 = 0, n - 3 = 2*b + 3. Let q be (-2 + 2)/(-2) + (-20)/n. Suppose -q*z - 1974 + 10924 = 0. Is z a composite number?
True
Suppose 90*s = 8402781 + 9835629. Is s a prime number?
False
Suppose 23*s + 2976 = -1486. Is (s/(-4))/((-3)/(-30)) prime?
False
Suppose 769*d + 9 = 772*d. Let c(k) = 124*k - 10 + 7 - 11. Is c(d) prime?
False
Let b(v) = v**3 + 14*v**2 - 3*v - 6. Let n be b(-14). Let p = 41 - n. Suppose -13*s + 2648 = -p*s. Is s prime?
True
Let n(y) = 491*y - 5. Let a = 19 + -17. Suppose 4*s = 3*k + 2*s - 16, 29 = a*k - 5*s. Is n(k) composite?
False
Suppose -3 = -v, -5265 = -3*d + 728*v - 730*v. Is d a composite number?
False
Let t(x) = -x**2 - 4*x + 12. Let g be t(-6). Suppose -44*r + 3391 = -7829. Suppose 3*h - r = -g*h. Is h a composite number?
True
Suppose 343 - 55 = 3*a. Suppose 1174 = -94*v + a*v. Is v prime?
True
Suppose 9*i = 12*i + 960. Let k = i + 2925. Is k a prime number?
False
Suppose -26812 = -5*w + i, -9*w = -4*w + 5*i - 26800. Suppose 3*s - w - 5795 = 0. Is s prime?
True
Let q(r) = 123*r**2 - 19*r + 643. Is q(29) prime?
False
Suppose 149 + 340 = f. Suppose -8*q + 1335 = -f. Let d = -106 + q. Is d composite?
True
Let w(h) = -h**3 - 31*h**2 - 10*h + 27. Let u = -31 - 0. Is w(u) composite?
False
Let s(m) = 14374*m**2 + 16*m - 1. Is s(4) a composite number?
False
Is ((-2756)/6)/((-394)/591) a composite number?
True
Let z(b) = -636*b - 14. Let m be z(-5). Suppose -m = -20*u + 1894. Is u a composite number?
True
Suppose 0 = -3*f + 405 + 402. Suppose -65*v - 47*v + 129*v + 1326 = 0. Let j = f + v. Is j prime?
True
Let t = 47 - 41. Suppose 10 = t*x - 11*x. Is (8/(-16))/((-3)/(-4764)*x) a composite number?
False
Let j = -72 + 63. Let h = 31 +